1
Let u = 101 - -43. What is the highest common factor of 324 and u?
36
Let n(z) be the third derivative of z**5/30 + 5*z**4/12 + 6*z**2. Let k be n(-9). What is the highest common factor of k and 8?
8
Let d = 203 + -371. Let x be d/(-78) - 2/13. Suppose -5*o + 3*y + 211 - 7 = 0, x*o = -2*y + 72. What is the highest common factor of 13 and o?
13
Let a(n) = 2*n**3 - 4*n**2 + 2*n + 1. Let u be a(2). Suppose u*c - 48 = 7. Calculate the greatest common divisor of 88 and c.
11
Let c(w) = w**3 - 27*w**2 + 52*w - 43. Let i be c(25). Suppose -4*t + 0*y - 4*y + 104 = 0, 94 = 4*t + 2*y. Calculate the greatest common factor of i and t.
7
Suppose 0 = -5*d, -4*j = -4*d + 201 - 601. Let y be 1 - (-4 - (-140)/(-4)). What is the highest common divisor of j and y?
20
Let v(u) = 17*u - 3. Let d be v(3). Let s(l) = 17*l + 1. Let g be s(1). Suppose g = n - 6. Calculate the greatest common divisor of n and d.
24
Let q = 38 - 30. Let h = 9 + q. Calculate the highest common factor of 153 and h.
17
Let c(q) = 27*q**2 + 13*q + 28. Let o be c(-3). What is the highest common factor of o and 29?
29
Suppose -166*c - 1826 + 6142 = 0. Suppose -105 = -2*q + 5*t, 90 = q - 2*t + 7*t. Calculate the greatest common divisor of q and c.
13
Let o(j) = 9*j**2 + 24*j. Let b be o(5). What is the highest common divisor of 276 and b?
69
Suppose -u + 0*u - 3*n = -54, 2*n = -5*u + 283. Let o = 17677 + -17658. Calculate the highest common divisor of o and u.
19
Let l be (-16)/((-96)/270) - 8. Calculate the greatest common divisor of l and 629.
37
Suppose -315 = -5*p - 3*i, -i - 24 = -p + 47. What is the greatest common divisor of p and 44?
22
Let g = 1684 - 1639. Calculate the highest common factor of g and 195.
15
Let q = -36 + 40. Suppose -q*c + 118 = 6. Calculate the greatest common factor of 7 and c.
7
Suppose -126 = -2*j + 4*w, 0 = 5*j - 7*j + 3*w + 122. Calculate the greatest common factor of j and 55.
55
Let p = 49 + -48. Let s(j) = 4*j**3 + j**2 + j - 2. Let z be s(p). What is the highest common factor of 2 and z?
2
Suppose 0 = 4*i + 3*w - 57, -3*w = -i - 2 + 35. Calculate the highest common factor of 1458 and i.
18
Let n = 32 - 29. Suppose -435 = -5*b - n*r, 0 = -b + 4*b - 5*r - 227. What is the highest common divisor of 12 and b?
12
Let a = 227 + -215. What is the greatest common factor of a and 76?
4
Let t be 313/7 - (24/14 - 2). Calculate the highest common divisor of t and 15.
15
Let f(y) = -4*y. Let r be f(4). Let t be (r/(-2))/(-4) - (2 + -11). Calculate the greatest common factor of 7 and t.
7
Let u = -280 + 475. Let v = 825 - u. What is the highest common divisor of 63 and v?
63
Suppose 0 = -995*q + 994*q + 550. What is the greatest common divisor of q and 22?
22
Suppose 6*k + 2*k = 720. Let g = k + -30. Calculate the highest common divisor of 12 and g.
12
Let w(i) = 21*i + 3. Let r(n) = 10*n + 1. Let a(g) = 13*r(g) - 6*w(g). Let y be a(5). Calculate the greatest common divisor of y and 15.
15
Let w = 4 + 10. Suppose 15*d = w*d + 36. Calculate the highest common factor of 12 and d.
12
Suppose 0 = 13*l - 1917 - 9939. Calculate the greatest common divisor of l and 57.
57
Let d be ((-24)/(-7))/(3/42). Let k = 245 - 164. Let h be k/(-9)*4/(-6). Calculate the highest common divisor of d and h.
6
Let b be 3/((-18)/(-24))*(-39)/(-12). Suppose -4*v = n - 107, 0 = -0*v - v - 4*n + 38. What is the highest common factor of b and v?
13
Let y = -1679 - -1734. What is the highest common factor of 143 and y?
11
Let b be ((-4)/6)/((-1)/3). Let g(u) = 22*u**2 + 933 + 3*u - 933 - 2*u. Let r be g(b). Calculate the highest common factor of r and 18.
18
Suppose 4*k - 125 = -k. Let f = 52 - 48. Suppose 0 = f*c - 4*b, 0*c - c - 5*b + 30 = 0. What is the greatest common divisor of k and c?
5
Let t be (-117)/(-273) + (-557)/(-7). What is the greatest common factor of t and 72?
8
Let l = 5 + -3. Suppose -7 = -l*d + 249. Let b = -57 + 73. What is the greatest common factor of d and b?
16
Let r(y) = -2*y - 6. Let d be r(-6). Suppose k = -3*a + 107 + 69, 4*a - 172 = -k. Suppose -38 = 10*x - k. What is the greatest common factor of d and x?
3
Let j = 123 + 90. What is the greatest common factor of j and 284?
71
Let t(z) = -2*z + 14. Suppose -3*u + 10 = -5*v, -4*u = -7*u - v + 16. Let b be t(u). Calculate the greatest common divisor of b and 28.
4
Let v(c) = 10*c - 165. Let z be v(19). Calculate the greatest common divisor of 925 and z.
25
Let j(y) = 17*y**2 - 3*y - 7. Let d be j(4). Let g be (-160)/(-7) + (-1)/(-7). What is the greatest common divisor of g and d?
23
Suppose 1467 = 24*l - 1773. Calculate the greatest common factor of 90 and l.
45
Suppose -3*i - 8*i = -220. What is the greatest common divisor of i and 100?
20
Suppose 85 - 37 = 4*u. Calculate the highest common factor of 36 and u.
12
Suppose 7 = 3*f - 4*f. Let y = f + 24. Suppose -77 = -4*j + 3*u, u - 1 = -j + 13. Calculate the highest common divisor of j and y.
17
Let t be 2*(-4)/8 + 568. Calculate the highest common divisor of 21 and t.
21
Let z(g) = 12*g + 120. Let l be z(-5). What is the highest common factor of 330 and l?
30
Suppose -4*f + 1 = -3. Suppose 0 = -k + 2*q - 5 - f, -k - 2*q = 6. Let o be 14/k*-3*1. What is the greatest common divisor of o and 56?
7
Let v(n) = -291*n - 7. Let t be v(-1). Calculate the highest common factor of 4 and t.
4
Let s = -272 + 312. Calculate the highest common factor of 140 and s.
20
Let p = 21666 + -21659. Suppose -3*n - 103 = 251. Let d = -48 - n. What is the highest common factor of d and p?
7
Let w(l) = l**2 + 13*l - 3. Let y(x) = 9*x - 86. Let t be y(8). Let r be w(t). What is the greatest common factor of r and 22?
11
Let v = 1680 + -843. Calculate the greatest common factor of 81 and v.
27
Let t(m) = -m**3 + 13*m**2 - m + 1. Let y be t(13). Let n = y + 18. Let v(q) = 3*q. Let d be v(n). What is the highest common divisor of d and 12?
6
Suppose -43*j = -42*j - 12. Suppose 3*l - 1 = 5. Suppose -j = -l*h + 98. What is the highest common divisor of h and 22?
11
Suppose -280 = 9*d - 14*d. What is the highest common divisor of d and 322?
14
Suppose 3*u = 4 - 10. Let a(x) = 22*x + 2. Let k be a(u). Let q = k - -86. What is the highest common divisor of q and 4?
4
Let n = -25 - -75. What is the greatest common factor of 20 and n?
10
Let f be ((-36)/(-15))/((-1)/(-5)). Let v(c) = -7*c + 8. Let n(w) = w**2 - w - 16. Let l be n(0). Let m be v(l). What is the highest common divisor of m and f?
12
Let n = 164 - 107. Suppose 2*x = -2*x. Let w(k) = k**3 + k**2 + k + 19. Let l be w(x). Calculate the highest common factor of n and l.
19
Let g(m) = -m**3 + 6*m**2 - 6*m + 5. Let z be g(5). Let d be (z - 5)*(-128)/(-40). Let p be (d/5)/(2/(-115)). What is the greatest common divisor of 23 and p?
23
Suppose t - 4*x = 30, -4*t + 6*x = 9*x - 177. What is the highest common divisor of t and 35?
7
Suppose 3*n + 639 = 7*n + 3*o, 3*n - 443 = 5*o. Calculate the greatest common factor of 96 and n.
12
Let d = 8 - 6. Suppose 4*v - 26 = -d*k, -5 = -3*k - 2*k. Suppose -m + 96 = m. Calculate the greatest common divisor of v and m.
6
Let w be 1318/4 - 2*(-1)/4. What is the greatest common factor of 60 and w?
30
Suppose i + 8 = 3*l, -3*l - 2*l + i = -16. Let n be -2 + ((-14)/4)/(5/(-10)). Let a = l + n. Calculate the highest common divisor of a and 81.
9
Suppose 0 = -b - 5 + 67. Suppose -3*n = -5*n - 10, b = 3*y + 2*n. What is the greatest common factor of y and 48?
24
Let u = 416 - 434. Suppose -26 = -q - 4*b, 5*q - 5*b + 3*b - 196 = 0. Let t = u + q. What is the highest common divisor of t and 20?
20
Suppose 0 = 8*w - 2*w - 138. Calculate the greatest common factor of 69 and w.
23
Suppose 2*s - 4 = 0, 3*s = -f + 7*s + 20. Suppose 6*w = 4*w + f. Let d = 3 + 11. Calculate the greatest common factor of w and d.
14
Let v be 3/(-24)*-10*104. Calculate the highest common factor of v and 455.
65
Suppose 0 = -6*t - 43 + 439. Let m = 97 - t. Calculate the greatest common divisor of m and 124.
31
Let z be ((-26)/(-8) - 4)*(5 + -1). Let m be ((-328)/12)/(-2) + 2/z. What is the highest common divisor of m and 117?
13
Suppose 4*w = 415 - 215. What is the highest common factor of w and 70?
10
Let w = -477 + 494. Let p(v) = 3*v**3 - 3*v - 1. Let d be p(-3). Let n = w - d. What is the highest common factor of n and 18?
18
Let r = 223 +